
True
Does 109 divide 596907?
False
Does 39 divide 110253?
True
Does 20 divide 219120?
True
Does 16 divide 8971?
False
Is 6029344 a multiple of 32?
True
Is 39268 a multiple of 4?
True
Is 338667 a multiple of 7?
True
Does 578 divide 3738086?
False
Is 1283228 a multiple of 334?
True
Does 633 divide 1733154?
True
Is 81 a factor of 206469?
True
Does 3 divide 14324?
False
Does 90 divide 735121?
False
Does 817 divide 1065773?
False
Is 41 a factor of 170782?
False
Is 15636 a multiple of 21?
False
Is 10 a factor of 2890?
True
Is 1655386 a multiple of 147?
False
Does 899 divide 8432620?
True
Is 22096 a multiple of 11?
False
Does 7 divide 17367?
True
Does 8 divide 66408?
True
Does 9 divide 8601101?
False
Is 7 a factor of 107976?
False
Is 51001 a multiple of 13?
False
Is 4976 a multiple of 761?
False
Is 4 a factor of 1518390?
False
Is 46 a factor of 63526?
True
Is 39258 a multiple of 68?
False
Is 12 a factor of 7404?
True
Is 7766416 a multiple of 68?
True
Is 3909590 a multiple of 10?
True
Does 2 divide 58086?
True
Does 445 divide 1848530?
True
Is 56 a factor of 10220616?
True
Is 93 a factor of 57410?
False
Is 34126861 a multiple of 294?
False
Does 4 divide 92272?
True
Is 316561 a multiple of 7?
True
Is 33 a factor of 586113?
True
Is 1267158 a multiple of 2?
True
Is 19 a factor of 108927?
True
Is 290224 a multiple of 374?
True
Is 19 a factor of 38551?
True
Is 43173 a multiple of 9?
True
Is 82 a factor of 3684897?
False
Is 680438 a multiple of 29?
False
Does 123 divide 4536855?
True
Is 2349278 a multiple of 599?
True
Is 36612 a multiple of 81?
True
Is 18 a factor of 3259724?
False
Is 10 a factor of 1399180?
True
Does 72 divide 263952?
True
Is 4654 a multiple of 5?
False
Does 229 divide 548684?
True
Is 1058 a factor of 5015978?
True
Does 12 divide 2717004?
True
Is 35 a factor of 3729880?
True
Is 388194 a multiple of 174?
True
Does 2 divide 22633?
False
Is 5497371 a multiple of 1155?
False
Is 123 a factor of 691998?
True
Is 36 a factor of 856178?
False
Does 8 divide 135424?
True
Is 62 a factor of 313162?
True
Is 28251 a multiple of 43?
True
Is 263956 a multiple of 77?
True
Is 3214 a multiple of 33?
False
Is 13505335 a multiple of 465?
False
Does 2 divide 998160?
True
Is 1166396 a multiple of 49?
True
Does 71 divide 1196563?
True
Is 8 a factor of 3456684?
False
Is 532 a factor of 12817807?
False
Is 84 a factor of 13497053?
False
Does 50 divide 2183450?
True
Does 29 divide 1650448?
True
Does 172 divide 576735?
False
Is 13 a factor of 436644?
True
Does 57 divide 223854?
False
Does 35 divide 30590?
True
Does 24 divide 82409?
False
Is 1864818 a multiple of 182?
False
Does 53 divide 13298?
False
Is 399523 a multiple of 140?
False
Is 205 a factor of 6774840?
True
Is 268 a factor of 1561088?
False
Is 3661 a multiple of 76?
False
Is 94 a factor of 6687630?
True
Is 207975 a multiple of 75?
True
Does 12 divide 282344?
False
Does 80 divide 925454?
False
Is 376 a factor of 718912?
True
Does 27 divide 807779?
False
Is 933100 a multiple of 172?
True
Is 10 a factor of 9473?
False
Does 5 divide 4550?
True
Does 188 divide 478509?
False
Is 1451373 a multiple of 103?
True
Is 16 a factor of 81936?
True
Is 1440694 a multiple of 116?
False
Is 4 a factor of 61952?
True
Does 14 divide 189075?
False
Is 613837 a multiple of 9?
False
Is 13 a factor of 1209520?
True
Does 1038 divide 4106593?
False
Is 27 a factor of 4361040?
True
Is 313738 a multiple of 206?
True
Is 425611 a multiple of 267?
False
Is 1706319 a multiple of 571?
False
Is 35 a factor of 398228?
False
Is 122 a factor of 188124?
True
Does 47 divide 8852309?
True
Is 134 a factor of 45679?
False
Does 6 divide 25254?
True
Is 153 a factor of 6956127?
False
Is 183793 a multiple of 131?
True
Is 167 a factor of 1200730?
True
Is 14904016 a multiple of 92?
False
Is 288932 a multiple of 238?
True
Is 3297085 a multiple of 55?
True
Is 3099525 a multiple of 17?
True
Does 30 divide 1491570?
True
Is 5 a factor of 3253675?
True
Is 29279 a multiple of 23?
True
Is 6 a factor of 10198650?
True
Is 6188300 a multiple of 380?
True
Is 3925990 a multiple of 10?
True
Does 35 divide 661790?
False
Does 15 divide 58380?
True
Is 593862 a multiple of 58?
True
Is 19 a factor of 1094666?
True
Is 21503226 a multiple of 14?
False
Does 188 divide 322420?
True
Is 7872810 a multiple of 66?
True
Is 83 a factor of 549785?
False
Is 57 a factor of 50857?
False
Does 341 divide 4092?
True
Is 27033 a multiple of 4?
False
Does 5 divide 47689?
False
Does 29 divide 464357?
False
Is 67116 a multiple of 84?
True
Is 132209 a multiple of 11?
True
Is 40 a factor of 123754?
False
Is 48 a factor of 19248?
True
Is 2043 a factor of 18836460?
True
Is 11 a factor of 68356?
False
Is 4056638 a multiple of 11?
False
Is 22 a factor of 116637?
False
Is 89 a factor of 1669818?
True
Is 562424 a multiple of 4?
True
Is 6883291 a multiple of 137?
True
Is 13 a factor of 279885?
False
Is 194 a factor of 2277860?
False
Is 101589 a multiple of 5?
False
Is 156954 a multiple of 101?
True
Does 3 divide 32217?
True
Does 4 divide 1241727?
False
Is 99 a factor of 122760?
True
Does 27 divide 12219147?
True
Is 77 a factor of 232001?
True
Does 20 divide 153082?
False
Is 28 a factor of 259807?
False
Does 484 divide 836839?
False
Does 98 divide 419283?
False
Is 29 a factor of 1980923?
False
Does 414 divide 1876122?
False
Does 42 divide 3544247?
False
Is 988 a factor of 5941832?
True
Does 171 divide 8631738?
True
Is 18 a factor of 281831?
False
Is 149 a factor of 294713?
False
Is 21228600 a multiple of 300?
True
Does 23 divide 17802?
True
Is 395683 a multiple of 39?
False
Is 83460 a multiple of 15?
True
Is 108 a factor of 913032?
True
Is 352 a factor of 619534?
False
Does 1045 divide 6750700?
True
Is 381039 a multiple of 15?
False
Does 14 divide 266293?
False
Is 61 a factor of 427488?
True
Is 154520 a multiple of 8?
True
Is 64196 a multiple of 44?
True
Is 135 a factor of 346285?
False
Is 68834 a multiple of 9?
False
Does 21 divide 6924225?
True
Does 25 divide 453971?
False
Does 417 divide 9957960?
True
Is 706 a factor of 4964592?
True
Does 5 divide 5100705?
True
Is 13 a factor of 254501?
True
Does 114 divide 6312636?
True
Is 6089180 a multiple of 15?
False
Is 24 a factor of 813960?
True
Does 4 divide 131196?
True
Is 2789196 a multiple of 44?
False
Does 7 divide 251918?
False
Does 169 divide 1735123?
True
Is 255 a factor of 308364?
False
Is 11 a factor of 3163649?
False
Does 86 divide 3267127?
False
Is 2729538 a multiple of 203?
True
Is 12 a factor of 92685?
False
Is 500192 a multiple of 28?
True
Is 3 a factor of 63289?
False
Does 12 divide 41688?
True
Is 1299 a factor of 450175?
False
Does 27 divide 14904?
True
Is 146580 a multiple of 753?
False
Is 250 a factor of 500?
True
Is 293638 a multiple of 30?
False
Does 455 divide 74165?
True
Does 27 divide 270783?
True
Is 2 a factor of 135371?
False
Is 144 a factor of 655676?
False
Does 71 divide 189286?
True
Does 17 divide 22656?
False
Does 106 divide 1186391?
False
Is 204 a factor of 497760?
True
Is 1730058 a multiple of 8?
False
Is 295785 a multiple of 45?
True
Is 22 a factor of 2578705?
False
Is 7087065 a multiple of 606?
False
Is 424876 a multiple of 6?
False
Is 1607 a factor of 20811436?
False
Does 365 divide 1571460?
False
Is 1347456 a multiple of 319?
True
Is 3564822 a multiple of 61?
False
Is 146 a factor of 140306?
True
Does 81 divide 1912382?
False
Is 177 a factor of 883230?
True
Is 6 a factor of 22948?
False
Is 3521879 a multiple of 1103?
True
Is 9 a factor of 13507696?
False
Is 1328238 a multiple of 79?
False
Does 60 divide 4615741?
False
Does 71 divide 3965705?
True
Is 20 a factor of 190729?
False
Is 16198 a multiple of 14?
True
Is 1249428 a multiple of 1059?
False
Is 31 a factor of 27218?
True
Does 357 divide 70686?
True
Is 101817 a multiple of 27?
True
Is 13 a factor of 329407?
True
Does 170 divide 2452394?
False
Does 139 divide 5858578?
False
Does 18 divide 296351?
False
Is 4286156 a multiple of 24?
False
Is 23 a factor of 1218011?
True
Is 1402521 a multiple of 120?
False
Is 4 a factor of 218719?
False
Does 225 divide 3939543?
False
Does 39 divide 2035605?
True
Does 129 divide 2769675?
False
Is 43 a factor of 109742?
False
Is 68 a factor of 43996?
True
Is 58681 a multiple of 7?
True
Is 5946187 a multiple of 31?
False
Does 30 divide 495692?
Fal